 v(4). Suppose -4*g + 0*g = 5*s - 52, -y*g = -3*s - 26. What are the prime factors of g?
13
Suppose -2*o - 3*w - 8 = 0, 4*w + 4 = -o - 0*o. Let k = 3 + o. Let i = 2 - k. What are the prime factors of i?
3
Let d = -53 - -58. What are the prime factors of d?
5
Let w be (6/5)/(1/(-5)). Let f(r) be the third derivative of -r**4/8 - 3*r**3/2 + r**2. List the prime factors of f(w).
3
Let z = -10 - -15. Suppose -15 = -2*k + p - 0*p, 34 = z*k + p. List the prime factors of k.
7
Let q be 1/(3 - 1 - 1). Suppose -4*x + 43 = 3*a, 3*a = 3*x - q - 26. What are the prime factors of x?
2, 5
Suppose -5*n - 13*n = -2088. List the prime factors of n.
2, 29
Let k be (-46)/8 + 12/(-48). Let x be (-66)/8 - (-3)/12. Let m = k - x. What are the prime factors of m?
2
Suppose 2*k = t - 2*t + 40, 3*t + 3*k = 120. List the prime factors of (t + -1)*2/6.
13
Let b = 1272 - 888. What are the prime factors of b?
2, 3
Let l = 4 - -26. What are the prime factors of l?
2, 3, 5
Let q = 8 - 2. Let p = 8 + q. Suppose -z - z + p = 0. List the prime factors of z.
7
Let i(q) = q**3 + 5*q**2 - 3*q - 15. What are the prime factors of i(-3)?
2, 3
Suppose 9*s = -6*s + 2310. What are the prime factors of s?
2, 7, 11
Suppose 5*p = -s + 125, 3*s = -0*p + p - 9. List the prime factors of p.
2, 3
Let j(m) be the first derivative of m**4/4 + 3*m**3 + 7*m**2/2 + m + 1. What are the prime factors of j(-8)?
3
Suppose 4*i + 6 = -54. Let l = 21 + i. List the prime factors of (-28)/l*(-54)/21.
2, 3
Suppose 5*l - s + 2*s - 12 = 0, 0 = -5*l + 4*s + 27. List the prime factors of l.
3
Suppose n - 4*n = -303. What are the prime factors of n?
101
Suppose 0 = -0*u - u + 2*s + 226, -3*u + 688 = -s. What are the prime factors of u?
2, 5, 23
Suppose 2*d - 19 = -3. Let q be 6/2 - (-2 + 4 + -4). Suppose -d = -c + q. What are the prime factors of c?
13
Suppose 0*x + 2*x - 38 = 0. List the prime factors of x.
19
Let a(n) = n**2 + 12*n - 9. What are the prime factors of a(4)?
5, 11
Let b(p) = p**3 + 22*p**2 + 15*p - 30. What are the prime factors of b(-21)?
2, 3
Let w = -328 - -225. Let h = w - -73. List the prime factors of h*(3 - (-10)/(-3)).
2, 5
Let d(l) = -4 - 4*l + 1 + 2*l. Let m = 4 - 8. What are the prime factors of d(m)?
5
Let b be (-36)/198 + 504/(-11). Let p = -30 + 0. Let y = p - b. List the prime factors of y.
2
Let k(u) = -3*u**3 - 2*u**2 + 2*u + 3. List the prime factors of k(-2).
3, 5
List the prime factors of (-385)/(-15) - (-2)/6.
2, 13
Let b be (2 + 104)/1*1. Let l = -74 + b. Suppose i + 5*f = l, -3*i - 2*f + 0*f + 44 = 0. List the prime factors of i.
2, 3
Let q be 4/(-2) - (-1 - -12). Let i be (q - -1)*8/6. Let x = -8 - i. List the prime factors of x.
2
Let d be ((-1)/3)/(1/(-87)). Suppose b - 2*b + d = 0. Let z = -17 + b. List the prime factors of z.
2, 3
Suppose -2*k + 3 = -0*k - 5*s, 4*s - 34 = -k. List the prime factors of k.
2, 7
Suppose -5*d = -2*z - 2, -4*z - 2 = -2*z - 3*d. Let u be -2 - (-1 + 6/3). Let l = z - u. What are the prime factors of l?
2
Let y(i) = -i**2 - 7*i - 3. Let h be y(-5). Suppose -2*z + 44 = -4*f, 3*z + 5*f - 103 = h. List the prime factors of z.
2, 3, 5
Suppose 0 = -3*z + 25 + 59. Let a = z + -21. What are the prime factors of a?
7
Suppose 4 = 3*g - 2. Suppose -4*w = 4*s - 244, g*w + 5*s = -0*w + 137. List the prime factors of w.
2, 7
Let l(f) = -f**3 - 4*f**2 - 5*f - 4. Let g be l(-3). What are the prime factors of (6/12)/(g/60)?
3, 5
Let k be (-1)/(-2) - (-10)/(-4). Let o(g) = -g**2 - g - 4. Let j(a) = a**2 + a + 3. Let b(c) = 3*j(c) + 2*o(c). What are the prime factors of b(k)?
3
Let r = -43 - -64. What are the prime factors of r?
3, 7
Suppose -2*u + 72 = -4*z, 4*u - 2*u - 3*z = 73. List the prime factors of u.
2, 19
Let f = -42 - -104. Suppose m + m = f. What are the prime factors of m?
31
Suppose 8 = s + s. Suppose 55 = r + s*r. List the prime factors of r.
11
Let f be 2/4 + 11/2. Suppose f*b - 2*b - 20 = 0. List the prime factors of b.
5
Let t(z) = z**3 + 11*z**2 + 6*z - 10. What are the prime factors of t(-9)?
2, 7
Suppose h - 4 = 4*u - 3*u, 3*h = -5*u - 20. Let s = u + 8. What are the prime factors of s?
2
Let c(s) = 2*s**3 - 3*s**3 + 3*s + s - s**2. Let x be c(-3). List the prime factors of x/9 + (-31)/(-3).
11
Suppose 3*a - 60 = 3*p, -3*p + p + 121 = 5*a. List the prime factors of a.
23
Suppose 0 = -2*k - 10*k + 2952. What are the prime factors of k?
2, 3, 41
Let d = -43 - -45. Let g(l) = -l**3 + 7*l**2 - 6*l. Let u be g(6). Suppose 5*t + 4*i - 43 = u, -4*t - 11 + 35 = -d*i. List the prime factors of t.
7
Let r(y) = 2*y**3 + y - 1. Let p be r(1). Suppose 0 = -p*v, -v = 3*i - 2*v - 48. What are the prime factors of i?
2
Suppose -5*t + 0*t + 5*s = -15, -2*t + 6 = s. Suppose 5*v = 3*k + 37, v + 7 = 2*v - k. Suppose 0 = -z - t + v. What are the prime factors of z?
5
Let k(c) = -7*c - 12. Let r(w) = -4*w - 6. Let j(g) = 3*k(g) - 5*r(g). Let t be j(-6). What are the prime factors of t + 9 - (2 - 3)?
2, 5
Let f = 0 + 0. Let i(a) = -a + 5 + f*a + 0*a. What are the prime factors of i(3)?
2
Let j = -5 - -4. Let s(o) = o. Let r(n) = 18*n - 1. Let u(k) = -r(k) + 5*s(k). List the prime factors of u(j).
2, 7
Suppose j = -2*j - 2*q + 2, 10 = -j + 2*q. Let k be ((-2)/(-2))/((-20)/60). What are the prime factors of 12 + j + k/3?
3
Let m(a) = 2*a - 8. Let g be m(6). Suppose 23 = 2*p + 4*y - 27, 3*p - 59 = 2*y. Suppose -d = -g*d + p. What are the prime factors of d?
7
Let u = -3 - -2. Let j = u - -14. What are the prime factors of j?
13
Suppose -1 + 7 = -v - 3*i, 27 = 4*v - 5*i. Let l(o) = o - 2. Let u be l(v). Suppose -b = -15 + u. What are the prime factors of b?
2, 7
Suppose -13 = -5*y + 7*y - 3*t, 2*t = 10. What are the prime factors of (y - 4)*(-10)/3?
2, 5
Let z(n) be the first derivative of n**5/60 - 3*n**4/8 + n**3/3 - 1. Let j(s) be the third derivative of z(s). What are the prime factors of j(6)?
3
Suppose 5*r = 3*j + 586, 2*r - 2*j + 0*j = 236. List the prime factors of r.
2, 29
Let b(z) = 4*z**3 + 9 + 1 - 6*z**2 + 2 - 5*z**3 + 13*z. List the prime factors of b(-8).
2, 3
Let j be 2/3 - 6/(-18). Suppose 4*i = -r + j + 1, -3*r = -6. Let q = 2 + i. What are the prime factors of q?
2
Suppose 5*b - 4*d - 3 = -5, -2*b + 13 = 3*d. Suppose 4*w - c = 76, -b*w - 5*c + 92 = 32. List the prime factors of w.
2, 5
Let w be (2/4)/(1/2). Let m(v) = 32*v**3 + 2*v**2 - v. List the prime factors of m(w).
3, 11
Let y(n) = -3 + 2*n - 1 - 3. List the prime factors of y(7).
7
Suppose -4 = p - 2. Let j = p - -13. List the prime factors of j.
11
Let i = 22 - 8. List the prime factors of i.
2, 7
Suppose 6 = -2*f, -5*x - f + 2*f = -13. Let s be x + (-3)/(1 - -2). Suppose 4*y - s - 43 = 0. List the prime factors of y.
11
Let y = 5 - 3. Let g(z) = 2*z - 12. Let p be g(8). Suppose 17 = y*m - h, p*m - 13 = 5*h + 24. List the prime factors of m.
2
Let y be (-1 + 3)/(2/6). Suppose 12 = 2*i - 4*m, -i = 2*i + 2*m + y. What are the prime factors of 2/2 - (i + -1)?
2
Suppose -s + 6 + 123 = 0. Suppose s + 31 = 5*n. What are the prime factors of n?
2
Suppose 72 = 2*p + 2*p. Let o = -3 + p. What are the prime factors of o?
3, 5
Suppose 28 = 4*p - 16. Suppose 0 = -4*c - 3*m + 6 + 8, 0 = -3*c - 3*m + 12. Suppose c*q - p = 9. What are the prime factors of q?
2, 5
Let m be -1*(5/1 + -2). Let l = 1 - m. What are the prime factors of l?
2
What are the prime factors of (0 + 6)/(14/259)?
3, 37
Suppose g - 1 - 1 = 0. Suppose -12 = -g*i - 2*i. Suppose s + l - 8 = -l, 0 = -i*s + 2*l + 40. What are the prime factors of s?
2, 3
Let d(i) = -14*i + 2. Let y be d(-2). Suppose b - y = -0*b. List the prime factors of b.
2, 3, 5
Suppose -v - 84 = -8*v. What are the prime factors of v?
2, 3
Let k = 11 - 10. Let w(v) = 19*v - 1. What are the prime factors of w(k)?
2, 3
Suppose -8 = 2*r, 5*u = -3*r - 0*r + 3. Suppose -21 = -u*k - 0*k. Suppose 0 = -g + k. What are the prime factors of g?
7
What are the prime factors of -1*2 - (-1 + -14)?
13
Let h(s) = s - 11. Let p be h(5). Let v = p - -6. Suppose 5*l = r + 6*l - 8, v = -5*r + l + 22. What are the prime factors of r?
5
Let n = -7 + 13. Let o be (-1 - -1)/(n - 4). Suppose o*h = 5*h - 20. List the prime factors of h.
2
Let f(i) = 2*i + 18. What are the prime factors of f(-6)?
2, 3
Suppose -4*i + 106 + 78 = 0. List the prime factors of i.
2, 23
Suppose -k + 5*u = 11, k = -2